on divisor of 1179 and 36?
9
What is the highest common divisor of 42 and 6?
6
Calculate the greatest common divisor of 99 and 22.
11
What is the highest common divisor of 14 and 574?
14
What is the greatest common divisor of 175 and 70?
35
What is the highest common divisor of 10 and 1690?
10
Calculate the highest common factor of 276 and 460.
92
What is the greatest common divisor of 84 and 364?
28
What is the greatest common divisor of 935 and 595?
85
What is the highest common factor of 32 and 12128?
32
Calculate the greatest common factor of 365 and 511.
73
Calculate the greatest common divisor of 56 and 574.
14
Calculate the greatest common divisor of 87482 and 34.
34
Calculate the highest common factor of 11 and 14663.
11
What is the highest common factor of 53 and 5353?
53
Calculate the greatest common divisor of 88 and 128.
8
What is the greatest common divisor of 36 and 156?
12
What is the highest common factor of 86 and 86?
86
Calculate the greatest common divisor of 29 and 667.
29
What is the highest common factor of 867 and 17?
17
Calculate the greatest common factor of 4239 and 54.
27
Calculate the greatest common divisor of 7128 and 12.
12
Calculate the highest common divisor of 3562 and 78.
26
Calculate the greatest common divisor of 336 and 44912.
112
What is the highest common factor of 205 and 369?
41
Calculate the highest common divisor of 10 and 785.
5
What is the greatest common divisor of 405 and 10?
5
What is the highest common factor of 54 and 54?
54
Calculate the greatest common divisor of 22 and 43978.
22
What is the highest common factor of 264 and 3?
3
What is the highest common divisor of 10 and 4210?
10
What is the highest common divisor of 4012 and 17?
17
Calculate the greatest common factor of 12385 and 5.
5
What is the highest common divisor of 448 and 14?
14
Calculate the greatest common divisor of 509 and 4.
1
Calculate the highest common factor of 1062 and 126.
18
Calculate the greatest common divisor of 91 and 11375.
91
Calculate the highest common divisor of 34 and 6562.
34
What is the highest common divisor of 203 and 87?
29
What is the highest common factor of 390 and 351?
39
Calculate the highest common factor of 13 and 1079.
13
Calculate the greatest common factor of 36 and 32.
4
Calculate the highest common divisor of 126 and 36.
18
What is the highest common factor of 456 and 36?
12
What is the highest common divisor of 114 and 988?
38
Calculate the highest common factor of 28 and 25396.
28
Calculate the highest common factor of 4 and 8.
4
Calculate the greatest common divisor of 8 and 16.
8
What is the greatest common divisor of 112 and 140?
28
What is the highest common factor of 82 and 2214?
82
What is the highest common factor of 72 and 6984?
72
What is the greatest common divisor of 144 and 88?
8
What is the greatest common factor of 190 and 30?
10
What is the greatest common divisor of 24 and 696?
24
Calculate the highest common divisor of 72 and 96.
24
Calculate the greatest common divisor of 121 and 22.
11
Calculate the greatest common divisor of 2225 and 356.
89
Calculate the highest common divisor of 19084 and 78.
26
What is the highest common divisor of 6 and 2559?
3
Calculate the highest common divisor of 34 and 5066.
34
Calculate the highest common factor of 4382 and 14.
14
Calculate the highest common factor of 7 and 25319.
7
What is the highest common factor of 2071 and 19?
19
What is the greatest common factor of 2232 and 1368?
72
Calculate the highest common divisor of 9 and 27.
9
What is the greatest common divisor of 116 and 4176?
116
What is the highest common divisor of 15 and 10?
5
Calculate the highest common divisor of 7567 and 2632.
329
Calculate the highest common divisor of 85 and 17.
17
Calculate the greatest common factor of 17 and 612.
17
What is the greatest common factor of 16 and 5864?
8
Calculate the greatest common factor of 98 and 161.
7
What is the greatest common factor of 1892 and 88?
44
What is the greatest common factor of 20 and 610?
10
Calculate the highest common factor of 180 and 380.
20
What is the highest common factor of 2750 and 44?
22
What is the greatest common factor of 100 and 100?
100
Calculate the greatest common divisor of 133 and 323.
19
What is the highest common factor of 78 and 182?
26
What is the highest common factor of 493 and 170?
17
Calculate the greatest common factor of 305 and 16165.
305
Calculate the highest common divisor of 67 and 30887.
67
What is the highest common factor of 28 and 133?
7
Calculate the greatest common divisor of 208 and 32.
16
Calculate the greatest common factor of 190 and 3610.
190
What is the highest common factor of 306 and 36?
18
What is the greatest common factor of 20 and 11720?
20
Calculate the highest common factor of 5605 and 118.
59
What is the highest common divisor of 85 and 1513?
17
What is the highest common factor of 20 and 10?
10
Calculate the highest common factor of 704 and 3.
1
Calculate the highest common factor of 1071 and 68.
17
What is the highest common divisor of 480 and 368?
16
What is the greatest common factor of 850 and 34?
34
What is the greatest common factor of 1744 and 109?
109
Calculate the highest common divisor of 319 and 986.
29
Calculate the greatest common factor of 84 and 48.
12
Calculate the greatest common factor of 66 and 2046.
66
Calculate the greatest common factor of 130 and 10.
10
Calculate the highest common factor of 1309 and 119.
119
Calculate the highest common factor of 77 and 17941.
77
What is the greatest common divisor of 57 and 6?
3
Calculate the greatest common divisor of 5883 and 111.
111
What is the highest common factor of 923 and 39?
13
What is the highest common factor of 495 and 220?
55
Calculate the greatest common factor of 48 and 60.
12
What is the greatest common divisor of 17139 and 394?
197
Calculate the greatest common factor of 84 and 1356.
12
Calculate the greatest common factor of 8 and 248.
8
What is the highest common factor of 795 and 12455?
265
Calculate the greatest common factor of 645 and 15.
15
Calculate the highest common factor of 2390 and 90.
10
What is the greatest common factor of 338 and 6?
2
Calculate the greatest common divisor of 11 and 7601.
11
Calculate the highest common factor of 4 and 34.
2
What is the highest common divisor of 1254 and 99?
33
What is the highest common divisor of 27 and 153?
9
What is the highest common factor of 520 and 208?
104
What is the greatest common factor of 13664 and 8?
8
What is the highest common factor of 170 and 391?
17
What is the greatest common factor of 4122 and 18?
18
What is the highest common factor of 3179 and 44?
11
What is the greatest common divisor of 11 and 41569?
11
What is the greatest common factor of 24 and 1698?
6
Calculate the highest common factor of 16 and 648.
8
What is the highest common factor of 100 and 18180?
20
What is the highest common factor of 1029 and 441?
147
Calculate the greatest common factor of 69 and 3.
3
What is the highest common factor of 440 and 80?
40
Calculate the greatest common factor of 57 and 5.
1
What is the greatest common divisor of 57 and 2356?
19
What is the greatest common divisor of 99 and 352?
11
What is the greatest common factor of 86 and 4472?
86
Calculate the highest common factor of 32 and 8208.
16
What is the highest common factor of 25 and 575?
25
Calculate the highest common factor of 32 and 1888.
32
What is the highest common factor of 175 and 150?
25
Calculate the greatest common divisor of 20 and 5870.
10
Calculate the greatest common divisor of 16 and 744.
8
What is the highest common divisor of 833 and 136?
17
Calculate the greatest common factor of 6846 and 105.
21
Calculate the greatest common factor of 2 and 46.
2
What is the highest common divisor of 875 and 125?
125
What is the greatest common divisor of 1178 and 152?
38
What is the greatest common divisor of 234 and 1989?
117
What is the highest common factor of 55 and 4565?
55
What is the highest common factor of 27 and 45?
9
Calculate the greatest common factor of 315 and 105.
105
Calculate the greatest common factor of 1725 and 50.
25
Calculate the greatest common divisor of 5006 and 4.
2
Calculate the greatest common factor of 476 and 532.
28
What is th